 the ten thousands digit of 47050?
4
What is the tens digit of 30350?
5
What is the tens digit of 41475?
7
What is the ten thousands digit of 157447?
5
What is the thousands digit of 4228?
4
What is the thousands digit of 1781?
1
What is the ten thousands digit of 42325?
4
What is the tens digit of 6209?
0
What is the hundreds digit of 251?
2
What is the thousands digit of 13937?
3
What is the tens digit of 684?
8
What is the thousands digit of 5527?
5
What is the hundreds digit of 6768?
7
What is the units digit of 100293?
3
What is the units digit of 4209?
9
What is the ten thousands digit of 10765?
1
What is the hundreds digit of 2062?
0
What is the ten thousands digit of 24592?
2
What is the hundreds digit of 12257?
2
What is the thousands digit of 7017?
7
What is the hundreds digit of 4478?
4
What is the tens digit of 797?
9
What is the hundreds digit of 21599?
5
What is the units digit of 11432?
2
What is the hundreds digit of 98620?
6
What is the hundreds digit of 2003?
0
What is the hundreds digit of 2038?
0
What is the hundreds digit of 20450?
4
What is the hundreds digit of 27511?
5
What is the tens digit of 13885?
8
What is the thousands digit of 1251?
1
What is the tens digit of 60980?
8
What is the hundreds digit of 45213?
2
What is the units digit of 3784?
4
What is the tens digit of 1950?
5
What is the hundreds digit of 14790?
7
What is the tens digit of 9122?
2
What is the units digit of 3044?
4
What is the tens digit of 52?
5
What is the thousands digit of 4324?
4
What is the tens digit of 10518?
1
What is the units digit of 3643?
3
What is the hundreds digit of 8285?
2
What is the units digit of 194?
4
What is the tens digit of 3265?
6
What is the tens digit of 17?
1
What is the tens digit of 31548?
4
What is the hundreds digit of 1730?
7
What is the tens digit of 22170?
7
What is the hundreds digit of 4416?
4
What is the hundreds digit of 2808?
8
What is the hundreds digit of 8426?
4
What is the ten thousands digit of 20089?
2
What is the hundreds digit of 14010?
0
What is the tens digit of 49309?
0
What is the units digit of 23139?
9
What is the tens digit of 3993?
9
What is the tens digit of 1235?
3
What is the ten thousands digit of 41736?
4
What is the units digit of 229?
9
What is the units digit of 203?
3
What is the units digit of 5106?
6
What is the thousands digit of 4323?
4
What is the tens digit of 8499?
9
What is the units digit of 40709?
9
What is the hundreds digit of 4073?
0
What is the thousands digit of 3935?
3
What is the units digit of 239?
9
What is the hundreds digit of 1098?
0
What is the thousands digit of 4287?
4
What is the units digit of 692?
2
What is the tens digit of 10653?
5
What is the tens digit of 3244?
4
What is the hundreds digit of 16640?
6
What is the units digit of 2221?
1
What is the units digit of 4533?
3
What is the tens digit of 11745?
4
What is the thousands digit of 19055?
9
What is the thousands digit of 18618?
8
What is the units digit of 694?
4
What is the tens digit of 2529?
2
What is the tens digit of 828?
2
What is the thousands digit of 1121?
1
What is the units digit of 109?
9
What is the units digit of 37592?
2
What is the tens digit of 5105?
0
What is the units digit of 4128?
8
What is the hundreds digit of 15533?
5
What is the units digit of 11?
1
What is the ten thousands digit of 124570?
2
What is the tens digit of 15620?
2
What is the thousands digit of 12274?
2
What is the tens digit of 38554?
5
What is the thousands digit of 3566?
3
What is the units digit of 6527?
7
What is the hundreds digit of 539?
5
What is the units digit of 2471?
1
What is the hundreds digit of 4438?
4
What is the units digit of 171?
1
What is the tens digit of 5781?
8
What is the thousands digit of 1426?
1
What is the thousands digit of 8702?
8
What is the hundreds digit of 5495?
4
What is the tens digit of 3278?
7
What is the tens digit of 1570?
7
What is the hundreds digit of 25635?
6
What is the thousands digit of 28970?
8
What is the units digit of 693?
3
What is the hundreds digit of 744?
7
What is the tens digit of 2024?
2
What is the ten thousands digit of 12947?
1
What is the units digit of 34234?
4
What is the hundreds digit of 2905?
9
What is the tens digit of 4815?
1
What is the units digit of 20047?
7
What is the hundreds digit of 1099?
0
What is the units digit of 30882?
2
What is the tens digit of 5833?
3
What is the hundreds digit of 34588?
5
What is the tens digit of 534?
3
What is the thousands digit of 1156?
1
What is the thousands digit of 7539?
7
What is the units digit of 295?
5
What is the tens digit of 3261?
6
What is the tens digit of 10450?
5
What is the tens digit of 4925?
2
What is the units digit of 16136?
6
What is the tens digit of 7963?
6
What is the hundreds digit of 2051?
0
What is the tens digit of 401?
0
What is the units digit of 531?
1
What is the hundreds digit of 1180?
1
What is the tens digit of 494?
9
What is the thousands digit of 18404?
8
What is the units digit of 1222?
2
What is the hundreds digit of 978?
9
What is the thousands digit of 8993?
8
What is the tens digit of 3914?
1
What is the hundreds digit of 3385?
3
What is the hundreds digit of 1309?
3
What is the tens digit of 147379?
7
What is the thousands digit of 3550?
3
What is the thousands digit of 4801?
4
What is the units digit of 11233?
3
What is the ten thousands digit of 30469?
3
What is the units digit of 1730?
0
What is the hundreds digit of 1097?
0
What is the tens digit of 34530?
3
What is the hundreds digit of 22721?
7
What is the tens digit of 2798?
9
What is the hundreds digit of 1557?
5
What is the tens digit of 22595?
9
What is the tens digit of 444?
4
What is the thousands digit of 1463?
1
What is the units digit of 9016?
6
What is the hundreds digit of 10664?
6
What is the units digit of 1484?
4
What is the units digit of 71211?
1
What is the hundreds digit of 5076?
0
What is the thousands digit of 5338?
5
What is the tens digit of 723?
2
What is the tens digit of 945?
4
What is the thousands digit of 143645?
3
What is the tens digit of 1155?
5
What is the units digit of 3323?
3
What is the tens digit of 586?
8
What is the units digit of 3200?
0
What is the tens digit of 7304?
0
What is the tens digit of 89704?
0
What is the units digit of 1482?
2
What is the hundreds digit of 2305?
3
What is the tens digit of 1003?
0
What is the tens digit of 33669?
6
What is the units digit of 13791?
1
What is the hundreds digit of 1993?
9
What is the units digit of 6961?
1
What is the thousands digit of 3839?
3
What is the units digit of 730?
0
What is the ten thousands digit of 23746?
2
What is the tens digit of 801?
0
What is the tens digit of 1784?
8
What is the hundreds digit of 4281?
2
What is the hundreds digit of 1219?
2
What is the units digit of 1283?
3
What is the thousands digit of 3936?
3
What is the tens digit of 113?
1
What is the units digit of 3105?
5
What is the hundreds digit of 15511?
5
What is the units digit of 987?
7
What is the hundreds digit of 486?
4
What is the ten thousands digit of 14780?
1
What is the units digit of 1801?
1
What is the thousands digit of 2311?
2
What is the tens digit of 620?
2
What is the hundreds digit of 3405?
4
What is the tens digit of 155?
5
What is the hundreds digit of 2999?
9
What is the units digit of 3287?
7
What is the tens digit of 603?
0
What is the hundreds digit of 22608?
6
What is the hundreds digit of 70319?
3
What is the tens digit of 187?
8
What is the units digit of 5848?
8
What is the tens digit of 44004?
0
What is the units digit of 605?
5
What is the tens digit of 797?
9
What is the ten thousands digit of 10848?
1
What is the ten thousands digit of 51709?
5
What is the ten thousands digit of 12156?
1
What is the hundreds digit of 148235?
2
What is the ten thousands digit of 25332?
2
What is the tens digit of 883?
8
What is the hundreds digit of 903?
9
What is the thousands digit of 42657?
2
What is the hundreds digit of 76120?
1
What is the tens digit of 2587?
8
What is the units digit of 46810?
0
What is the thousands digit of 2699?
2
What is the tens digit of 82249?
4
What is the hundreds digit of 708?
7
What is the hundreds digit of 14567?
5
What is the hundreds digit of 4522?
5
What is the thousands digit of 2